{"id":148320,"date":"2026-03-09T14:14:19","date_gmt":"2026-03-09T14:14:19","guid":{"rendered":"https:\/\/esentyaestate.com\/estate_property\/villa-in-playa-flamenca-ee11545\/"},"modified":"2026-03-09T14:22:20","modified_gmt":"2026-03-09T14:22:20","slug":"villa-in-playa-flamenca-ee11545","status":"publish","type":"estate_property","link":"https:\/\/esentyaestate.com\/fr\/estate_property\/villa-in-playa-flamenca-ee11545\/","title":{"rendered":"Villa in Playa Flamenca &#8211; EE11545"},"content":{"rendered":"<p>Spacieuse villa ind\u00e9pendante \u00e0 Playa Flamenca, situ\u00e9e c\u00f4t\u00e9 plage de la N-332. La propri\u00e9t\u00e9 se trouve sur un terrain de 467 m\u00b2 et offre 172 m\u00b2 construits r\u00e9partis sur deux \u00e9tages, ainsi qu\u2019un garage souterrain pouvant accueillir 3 voitures. Elle dispose de 4 chambres et 3 salles de bains, dont 2 en suite. \u00c0 seulement 250 m de la plage et \u00e0 proximit\u00e9 de restaurants, bars, supermarch\u00e9s et du centre commercial Zenia Boulevard.<\/p>\n<p>Caract\u00e9ristiques principales<br \/>\nTerrain de 467 m\u00b2<br \/>\n172 m\u00b2 construits<br \/>\n4 chambres<br \/>\n3 salles de bains (2 en suite)<br \/>\nSalon-salle \u00e0 manger spacieux et lumineux<br \/>\nCuisine ind\u00e9pendante \u00e9quip\u00e9e avec buanderie ferm\u00e9e<br \/>\n2 terrasses vitr\u00e9es<br \/>\nPiscine priv\u00e9e<br \/>\nEspace barbecue<br \/>\nJardin bien entretenu<br \/>\nGarage souterrain pour 3 voitures<br \/>\nVendue meubl\u00e9e<br \/>\nClimatisation<br \/>\n\u00c0 250 m de la plage<br \/>\nProche des restaurants, bars, supermarch\u00e9s et Zenia Boulevard<\/p>\n","protected":false},"excerpt":{"rendered":"<p>Spacieuse villa ind\u00e9pendante \u00e0 Playa Flamenca, situ\u00e9e c\u00f4t\u00e9 plage de la N-332. La propri\u00e9t\u00e9 se trouve sur un terrain de 467 m\u00b2 et offre 172 m\u00b2 construits r\u00e9partis sur deux \u00e9tages, ainsi qu\u2019un garage souterrain pouvant accueillir 3 voitures. Elle dispose de 4 chambres et 3 salles de bains, dont 2 en suite. \u00c0 seulement 250 m de la plage et \u00e0 proximit\u00e9 de &#8230;<\/p>\n","protected":false},"featured_media":148401,"comment_status":"closed","ping_status":"closed","template":"","property_category":[394],"property_action_category":[37],"property_city":[408],"property_area":[409],"property_county_state":[384],"property_features":[120,274,297,52,105,92],"property_status":[287],"class_list":["post-148320","estate_property","type-estate_property","status-publish","has-post-thumbnail","hentry","property_category-villa","property_action_category-for-sale","property_city-orihuela-costa","property_area-playa-flamenca","property_county_state-costa-blanca-sur","property_features-furnished","property_features-key-ready","property_features-patio","property_features-pool","property_features-private","property_features-terrace","property_status-resale"],"_links":{"self":[{"href":"https:\/\/esentyaestate.com\/fr\/wp-json\/wp\/v2\/estate_property\/148320","targetHints":{"allow":["GET"]}}],"collection":[{"href":"https:\/\/esentyaestate.com\/fr\/wp-json\/wp\/v2\/estate_property"}],"about":[{"href":"https:\/\/esentyaestate.com\/fr\/wp-json\/wp\/v2\/types\/estate_property"}],"replies":[{"embeddable":true,"href":"https:\/\/esentyaestate.com\/fr\/wp-json\/wp\/v2\/comments?post=148320"}],"wp:featuredmedia":[{"embeddable":true,"href":"https:\/\/esentyaestate.com\/fr\/wp-json\/wp\/v2\/media\/148401"}],"wp:attachment":[{"href":"https:\/\/esentyaestate.com\/fr\/wp-json\/wp\/v2\/media?parent=148320"}],"wp:term":[{"taxonomy":"property_category","embeddable":true,"href":"https:\/\/esentyaestate.com\/fr\/wp-json\/wp\/v2\/property_category?post=148320"},{"taxonomy":"property_action_category","embeddable":true,"href":"https:\/\/esentyaestate.com\/fr\/wp-json\/wp\/v2\/property_action_category?post=148320"},{"taxonomy":"property_city","embeddable":true,"href":"https:\/\/esentyaestate.com\/fr\/wp-json\/wp\/v2\/property_city?post=148320"},{"taxonomy":"property_area","embeddable":true,"href":"https:\/\/esentyaestate.com\/fr\/wp-json\/wp\/v2\/property_area?post=148320"},{"taxonomy":"property_county_state","embeddable":true,"href":"https:\/\/esentyaestate.com\/fr\/wp-json\/wp\/v2\/property_county_state?post=148320"},{"taxonomy":"property_features","embeddable":true,"href":"https:\/\/esentyaestate.com\/fr\/wp-json\/wp\/v2\/property_features?post=148320"},{"taxonomy":"property_status","embeddable":true,"href":"https:\/\/esentyaestate.com\/fr\/wp-json\/wp\/v2\/property_status?post=148320"}],"curies":[{"name":"wp","href":"https:\/\/api.w.org\/{rel}","templated":true}]}}

<p>Spacieuse villa indépendante à Playa Flamenca, située côté plage de la N-332. La propriété se trouve sur un terrain de 467 m² et offre 172 m² construits répartis sur deux étages, ainsi qu’un garage souterrain pouvant accueillir 3 voitures. Elle dispose de 4 chambres et 3 salles de bains, dont 2 en suite. À seulement 250 m de la plage et à proximité de restaurants, bars, supermarchés et du centre commercial Zenia Boulevard.</p>
<p>Caractéristiques principales<br />
Terrain de 467 m²<br />
172 m² construits<br />
4 chambres<br />
3 salles de bains (2 en suite)<br />
Salon-salle à manger spacieux et lumineux<br />
Cuisine indépendante équipée avec buanderie fermée<br />
2 terrasses vitrées<br />
Piscine privée<br />
Espace barbecue<br />
Jardin bien entretenu<br />
Garage souterrain pour 3 voitures<br />
Vendue meublée<br />
Climatisation<br />
À 250 m de la plage<br />
Proche des restaurants, bars, supermarchés et Zenia Boulevard</p>

<p>Spacieuse villa indépendante à Playa Flamenca, située côté plage de la N-332. La propriété se trouve sur un terrain de 467 m² et offre 172 m² construits répartis sur deux étages, ainsi qu’un garage souterrain pouvant accueillir 3 voitures. Elle dispose de 4 chambres et 3 salles de bains, dont 2 en suite. À seulement 250 m de la plage et à proximité de &#8230;</p>
