{"id":280473,"date":"2026-08-29T02:38:09","date_gmt":"2026-08-29T01:38:09","guid":{"rendered":"https:\/\/esentyaestate.com\/estate_property\/apartment-in-orihuela-costa-ee13600\/"},"modified":"2026-08-29T02:38:09","modified_gmt":"2026-08-29T01:38:09","slug":"apartment-in-orihuela-costa-ee13600","status":"publish","type":"estate_property","link":"https:\/\/esentyaestate.com\/fr\/estate_property\/apartment-in-orihuela-costa-ee13600\/","title":{"rendered":"Apartment in Orihuela Costa &#8211; EE13600"},"content":{"rendered":"<p>Descubre este encantador apartamento ubicado en la zona de La Regia, Orihuela Costa. Con una orientaci\u00f3n sur que garantiza luminosidad durante todo el d\u00eda y una terraza privada de 8m2 ideal para disfrutar del sol mediterr\u00e1neo, esta propiedad es perfecta tanto como residencia habitual como inversi\u00f3n vacacional. El apartamento cuenta con una habitaci\u00f3n doble y un ba\u00f1o completo. A solo 750 metros encontrar\u00e1s las playas de Cala de La Glea y Aguamarina. ~~En sus cercan\u00edas podr\u00e1s acceder a supermercados Consum, panader\u00edas y farmacias situadas a tan solo 600 metros; adem\u00e1s hay una peque\u00f1a zona comercial con bar muy cerca (50 m). Disfruta tambi\u00e9n del jard\u00edn comunitario donde los ni\u00f1os pueden jugar mientras t\u00fa te relajas bajo el sol o compartes momentos agradables al aire libre.~Para mayor comodidad, cercano a otras localidades as\u00ed como colegios e instalaciones m\u00e9dicas adyacentes; sin olvidar la proximidad del centro comercial Zenia Boulevard situado apenas a cinco minutos en coche.<\/p>\n","protected":false},"excerpt":{"rendered":"<p>Descubre este encantador apartamento ubicado en la zona de La Regia, Orihuela Costa. Con una orientaci\u00f3n sur que garantiza luminosidad durante todo el d\u00eda y una terraza privada de 8m2 ideal para disfrutar del sol mediterr\u00e1neo, esta propiedad es perfecta tanto como residencia habitual como inversi\u00f3n vacacional. El apartamento cuenta con una habitaci\u00f3n doble y un ba\u00f1o completo. A solo 750 metros encontrar\u00e1s las &#8230;<\/p>\n","protected":false},"featured_media":280474,"comment_status":"closed","ping_status":"closed","template":"","property_category":[406],"property_action_category":[37],"property_city":[408],"property_area":[630],"property_county_state":[384],"property_features":[120,669,274,672,676,113,92],"property_status":[287],"class_list":["post-280473","estate_property","type-estate_property","status-publish","has-post-thumbnail","hentry","property_category-apartment","property_action_category-for-sale","property_city-orihuela-costa","property_area-la-regia","property_county_state-costa-blanca-sur","property_features-furnished","property_features-garden","property_features-key-ready","property_features-lift","property_features-lights","property_features-residencial","property_features-terrace","property_status-resale"],"_links":{"self":[{"href":"https:\/\/esentyaestate.com\/fr\/wp-json\/wp\/v2\/estate_property\/280473","targetHints":{"allow":["GET"]}}],"collection":[{"href":"https:\/\/esentyaestate.com\/fr\/wp-json\/wp\/v2\/estate_property"}],"about":[{"href":"https:\/\/esentyaestate.com\/fr\/wp-json\/wp\/v2\/types\/estate_property"}],"replies":[{"embeddable":true,"href":"https:\/\/esentyaestate.com\/fr\/wp-json\/wp\/v2\/comments?post=280473"}],"wp:featuredmedia":[{"embeddable":true,"href":"https:\/\/esentyaestate.com\/fr\/wp-json\/wp\/v2\/media\/280474"}],"wp:attachment":[{"href":"https:\/\/esentyaestate.com\/fr\/wp-json\/wp\/v2\/media?parent=280473"}],"wp:term":[{"taxonomy":"property_category","embeddable":true,"href":"https:\/\/esentyaestate.com\/fr\/wp-json\/wp\/v2\/property_category?post=280473"},{"taxonomy":"property_action_category","embeddable":true,"href":"https:\/\/esentyaestate.com\/fr\/wp-json\/wp\/v2\/property_action_category?post=280473"},{"taxonomy":"property_city","embeddable":true,"href":"https:\/\/esentyaestate.com\/fr\/wp-json\/wp\/v2\/property_city?post=280473"},{"taxonomy":"property_area","embeddable":true,"href":"https:\/\/esentyaestate.com\/fr\/wp-json\/wp\/v2\/property_area?post=280473"},{"taxonomy":"property_county_state","embeddable":true,"href":"https:\/\/esentyaestate.com\/fr\/wp-json\/wp\/v2\/property_county_state?post=280473"},{"taxonomy":"property_features","embeddable":true,"href":"https:\/\/esentyaestate.com\/fr\/wp-json\/wp\/v2\/property_features?post=280473"},{"taxonomy":"property_status","embeddable":true,"href":"https:\/\/esentyaestate.com\/fr\/wp-json\/wp\/v2\/property_status?post=280473"}],"curies":[{"name":"wp","href":"https:\/\/api.w.org\/{rel}","templated":true}]}}

<p>Descubre este encantador apartamento ubicado en la zona de La Regia, Orihuela Costa. Con una orientación sur que garantiza luminosidad durante todo el día y una terraza privada de 8m2 ideal para disfrutar del sol mediterráneo, esta propiedad es perfecta tanto como residencia habitual como inversión vacacional. El apartamento cuenta con una habitación doble y un baño completo. A solo 750 metros encontrarás las playas de Cala de La Glea y Aguamarina. ~~En sus cercanías podrás acceder a supermercados Consum, panaderías y farmacias situadas a tan solo 600 metros; además hay una pequeña zona comercial con bar muy cerca (50 m). Disfruta también del jardín comunitario donde los niños pueden jugar mientras tú te relajas bajo el sol o compartes momentos agradables al aire libre.~Para mayor comodidad, cercano a otras localidades así como colegios e instalaciones médicas adyacentes; sin olvidar la proximidad del centro comercial Zenia Boulevard situado apenas a cinco minutos en coche.</p>

<p>Descubre este encantador apartamento ubicado en la zona de La Regia, Orihuela Costa. Con una orientación sur que garantiza luminosidad durante todo el día y una terraza privada de 8m2 ideal para disfrutar del sol mediterráneo, esta propiedad es perfecta tanto como residencia habitual como inversión vacacional. El apartamento cuenta con una habitación doble y un baño completo. A solo 750 metros encontrarás las &#8230;</p>
