{"id":280764,"date":"2026-08-31T02:06:04","date_gmt":"2026-08-31T01:06:04","guid":{"rendered":"https:\/\/esentyaestate.com\/estate_property\/apartment-in-aguilas-ee13607\/"},"modified":"2026-08-31T02:06:04","modified_gmt":"2026-08-31T01:06:04","slug":"apartment-in-aguilas-ee13607","status":"publish","type":"estate_property","link":"https:\/\/esentyaestate.com\/fr\/estate_property\/apartment-in-aguilas-ee13607\/","title":{"rendered":"Apartment in Aguilas &#8211; EE13607"},"content":{"rendered":"<p>Appartement pr\u00eat \u00e0 emm\u00e9nager avec vues imprenables \u00e0 ISEA CALMA \u2013 Isla del Fraile, \u00c1guilasUne opportunit\u00e9 unique dans un emplacement exceptionnel au bord de la M\u00e9diterran\u00e9e !Ce magnifique appartement moderne de 76 m\u00b2 est situ\u00e9 dans la r\u00e9sidence exclusive ISEA CALMA \u00e0 Isla del Fraile, \u00c1guilas, et a \u00e9t\u00e9 livr\u00e9 en juillet 2026. Gr\u00e2ce \u00e0 sa situation privil\u00e9gi\u00e9e, il offre de superbes vues d\u00e9gag\u00e9es ainsi qu\u2019une vue lat\u00e9rale sur la mer, au c\u0153ur d\u2019un environnement naturel exceptionnel.Vous profiterez ici d\u2019un cadre de vie paisible et ensoleill\u00e9, tout en \u00e9tant \u00e0 seulement 5 minutes du centre-ville d\u2019\u00c1guilas et de son agr\u00e9able port de plaisance.L\u2019appartement comprend 2 chambres et 2 salles de bains et est vendu enti\u00e8rement meubl\u00e9 et pr\u00eat \u00e0 \u00eatre habit\u00e9.De nombreux extras ont d\u00e9j\u00e0 \u00e9t\u00e9 install\u00e9s, notamment des placards sur mesure ainsi qu\u2019un pack complet d\u2019\u00e9clairage, tous inclus dans le prix de vente.Un cellier privatif et une place de parking en sous-sol sont \u00e9galement inclus.ISEA CALMA est une r\u00e9sidence s\u00e9curis\u00e9e et ferm\u00e9e disposant d\u2019une magnifique piscine communautaire, id\u00e9ale pour profiter pleinement du climat m\u00e9diterran\u00e9en tout au long de l\u2019ann\u00e9e.Un avantage de prix important par rapport \u00e0 la Phase 2L\u2019un des principaux atouts de ce bien est son excellent rapport qualit\u00e9-prix.Cet appartement est propos\u00e9 \u00e0 un prix inf\u00e9rieur de plusieurs dizaines de milliers d\u2019euros aux appartements actuellement commercialis\u00e9s dans la Phase 2 d\u2019ISEA CALMA.De plus, les appartements de la Phase 2 sont vendus sans le mobilier ni les nombreux \u00e9quipements suppl\u00e9mentaires d\u00e9j\u00e0 inclus dans cette propri\u00e9t\u00e9.Vous achetez donc un appartement r\u00e9cemment livr\u00e9, enti\u00e8rement meubl\u00e9, \u00e9quip\u00e9 et disponible imm\u00e9diatement, comprenant les placards sur mesure, le pack d\u2019\u00e9clairage, le cellier et la place de parking, pour un prix nettement plus avantageux qu\u2019un bien comparable dans la nouvelle phase du projet.Points forts76 m\u00b22 chambres2 salles de bainsMagnifiques vues d\u00e9gag\u00e9esVue lat\u00e9rale sur la merLivr\u00e9 en juillet 2026Enti\u00e8rement meubl\u00e9Placards sur mesurePack complet d\u2019\u00e9clairageCellier privatif inclusPlace de parking en sous-sol inclusePiscine communautaireR\u00e9sidence ferm\u00e9e et s\u00e9curis\u00e9e\u00c0 seulement 5 minutes du centre-ville et du port de plaisance d\u2019\u00c1guilasPr\u00eat \u00e0 emm\u00e9nagerPlusieurs dizaines de milliers d\u2019euros moins cher que les appartements actuellement disponibles dans la Phase 2Une combinaison exceptionnelle de vues magnifiques, proximit\u00e9 de la mer, confort moderne et excellent potentiel d\u2019investissement.Posez vos valises et profitez imm\u00e9diatement de votre nouvelle vie sous le soleil espagnol.<\/p>\n","protected":false},"excerpt":{"rendered":"<p>Appartement pr\u00eat \u00e0 emm\u00e9nager avec vues imprenables \u00e0 ISEA CALMA \u2013 Isla del Fraile, \u00c1guilasUne opportunit\u00e9 unique dans un emplacement exceptionnel au bord de la M\u00e9diterran\u00e9e !Ce magnifique appartement moderne de 76 m\u00b2 est situ\u00e9 dans la r\u00e9sidence exclusive ISEA CALMA \u00e0 Isla del Fraile, \u00c1guilas, et a \u00e9t\u00e9 livr\u00e9 en juillet 2026. Gr\u00e2ce \u00e0 sa situation privil\u00e9gi\u00e9e, il offre de superbes vues d\u00e9gag\u00e9es &#8230;<\/p>\n","protected":false},"featured_media":280765,"comment_status":"closed","ping_status":"closed","template":"","property_category":[406],"property_action_category":[37],"property_city":[563],"property_area":[621],"property_county_state":[432],"property_features":[622,675,97,120,99,669,274,672,100,52,92],"property_status":[287],"class_list":["post-280764","estate_property","type-estate_property","status-publish","has-post-thumbnail","hentry","property_category-apartment","property_action_category-for-sale","property_city-aguilas","property_area-costa-calida","property_county_state-costa-calida","property_features-air-conditioning","property_features-barbecue","property_features-communal","property_features-furnished","property_features-garage","property_features-garden","property_features-key-ready","property_features-lift","property_features-parking","property_features-pool","property_features-terrace","property_status-resale"],"_links":{"self":[{"href":"https:\/\/esentyaestate.com\/fr\/wp-json\/wp\/v2\/estate_property\/280764","targetHints":{"allow":["GET"]}}],"collection":[{"href":"https:\/\/esentyaestate.com\/fr\/wp-json\/wp\/v2\/estate_property"}],"about":[{"href":"https:\/\/esentyaestate.com\/fr\/wp-json\/wp\/v2\/types\/estate_property"}],"replies":[{"embeddable":true,"href":"https:\/\/esentyaestate.com\/fr\/wp-json\/wp\/v2\/comments?post=280764"}],"wp:featuredmedia":[{"embeddable":true,"href":"https:\/\/esentyaestate.com\/fr\/wp-json\/wp\/v2\/media\/280765"}],"wp:attachment":[{"href":"https:\/\/esentyaestate.com\/fr\/wp-json\/wp\/v2\/media?parent=280764"}],"wp:term":[{"taxonomy":"property_category","embeddable":true,"href":"https:\/\/esentyaestate.com\/fr\/wp-json\/wp\/v2\/property_category?post=280764"},{"taxonomy":"property_action_category","embeddable":true,"href":"https:\/\/esentyaestate.com\/fr\/wp-json\/wp\/v2\/property_action_category?post=280764"},{"taxonomy":"property_city","embeddable":true,"href":"https:\/\/esentyaestate.com\/fr\/wp-json\/wp\/v2\/property_city?post=280764"},{"taxonomy":"property_area","embeddable":true,"href":"https:\/\/esentyaestate.com\/fr\/wp-json\/wp\/v2\/property_area?post=280764"},{"taxonomy":"property_county_state","embeddable":true,"href":"https:\/\/esentyaestate.com\/fr\/wp-json\/wp\/v2\/property_county_state?post=280764"},{"taxonomy":"property_features","embeddable":true,"href":"https:\/\/esentyaestate.com\/fr\/wp-json\/wp\/v2\/property_features?post=280764"},{"taxonomy":"property_status","embeddable":true,"href":"https:\/\/esentyaestate.com\/fr\/wp-json\/wp\/v2\/property_status?post=280764"}],"curies":[{"name":"wp","href":"https:\/\/api.w.org\/{rel}","templated":true}]}}

<p>Appartement prêt à emménager avec vues imprenables à ISEA CALMA – Isla del Fraile, ÁguilasUne opportunité unique dans un emplacement exceptionnel au bord de la Méditerranée !Ce magnifique appartement moderne de 76 m² est situé dans la résidence exclusive ISEA CALMA à Isla del Fraile, Águilas, et a été livré en juillet 2026. Grâce à sa situation privilégiée, il offre de superbes vues dégagées ainsi qu’une vue latérale sur la mer, au cœur d’un environnement naturel exceptionnel.Vous profiterez ici d’un cadre de vie paisible et ensoleillé, tout en étant à seulement 5 minutes du centre-ville d’Águilas et de son agréable port de plaisance.L’appartement comprend 2 chambres et 2 salles de bains et est vendu entièrement meublé et prêt à être habité.De nombreux extras ont déjà été installés, notamment des placards sur mesure ainsi qu’un pack complet d’éclairage, tous inclus dans le prix de vente.Un cellier privatif et une place de parking en sous-sol sont également inclus.ISEA CALMA est une résidence sécurisée et fermée disposant d’une magnifique piscine communautaire, idéale pour profiter pleinement du climat méditerranéen tout au long de l’année.Un avantage de prix important par rapport à la Phase 2L’un des principaux atouts de ce bien est son excellent rapport qualité-prix.Cet appartement est proposé à un prix inférieur de plusieurs dizaines de milliers d’euros aux appartements actuellement commercialisés dans la Phase 2 d’ISEA CALMA.De plus, les appartements de la Phase 2 sont vendus sans le mobilier ni les nombreux équipements supplémentaires déjà inclus dans cette propriété.Vous achetez donc un appartement récemment livré, entièrement meublé, équipé et disponible immédiatement, comprenant les placards sur mesure, le pack d’éclairage, le cellier et la place de parking, pour un prix nettement plus avantageux qu’un bien comparable dans la nouvelle phase du projet.Points forts76 m²2 chambres2 salles de bainsMagnifiques vues dégagéesVue latérale sur la merLivré en juillet 2026Entièrement meubléPlacards sur mesurePack complet d’éclairageCellier privatif inclusPlace de parking en sous-sol inclusePiscine communautaireRésidence fermée et sécuriséeÀ seulement 5 minutes du centre-ville et du port de plaisance d’ÁguilasPrêt à emménagerPlusieurs dizaines de milliers d’euros moins cher que les appartements actuellement disponibles dans la Phase 2Une combinaison exceptionnelle de vues magnifiques, proximité de la mer, confort moderne et excellent potentiel d’investissement.Posez vos valises et profitez immédiatement de votre nouvelle vie sous le soleil espagnol.</p>

<p>Appartement prêt à emménager avec vues imprenables à ISEA CALMA – Isla del Fraile, ÁguilasUne opportunité unique dans un emplacement exceptionnel au bord de la Méditerranée !Ce magnifique appartement moderne de 76 m² est situé dans la résidence exclusive ISEA CALMA à Isla del Fraile, Águilas, et a été livré en juillet 2026. Grâce à sa situation privilégiée, il offre de superbes vues dégagées &#8230;</p>
