{"id":279494,"date":"2026-08-29T02:05:33","date_gmt":"2026-08-29T01:05:33","guid":{"rendered":"https:\/\/esentyaestate.com\/estate_property\/villa-in-benitachell-ee13564\/"},"modified":"2026-08-29T02:05:33","modified_gmt":"2026-08-29T01:05:33","slug":"villa-in-benitachell-ee13564","status":"publish","type":"estate_property","link":"https:\/\/esentyaestate.com\/pl\/estate_property\/villa-in-benitachell-ee13564\/","title":{"rendered":"Villa in Benitachell &#8211; EE13564"},"content":{"rendered":"<p>Willa z widokiem na morze w Cumbre del Sol, na p\u00f3\u0142nocnej Costa Blanca<\/p>\n<p>W Cumbre del Sol (Benitachell) ta willa stanowi uosobienie wsp\u00f3\u0142czesnego stylu \u017cycia nad morzem.<\/p>\n<p>Jej prosta, otwarta architektura wtapia si\u0119 w \u015br\u00f3dziemnomorski krajobraz i sprawia, \u017ce ka\u017cdy zak\u0105tek staje si\u0119 przestrzeni\u0105 spokoju, pi\u0119kna i \u015bwiat\u0142a.<\/p>\n<p>Projekt wn\u0119trz zosta\u0142 opracowany tak, aby podkre\u015bli\u0107 wi\u0119\u017a mi\u0119dzy pomieszczeniami a otoczeniem. Salon z jadalni\u0105 otwiera si\u0119 poprzez du\u017ce okna na przestronny taras z basenem bez kraw\u0119dzi, tworz\u0105c wra\u017cenie nieprzerwanej przestrzeni. Kuchnia na otwartym planie, wyposa\u017cona w sprz\u0119t najwy\u017cszej klasy, \u0142\u0105czy w sobie funkcjonalno\u015b\u0107 i styl, sprawdzaj\u0105c si\u0119 zar\u00f3wno w codziennym \u017cyciu, jak i podczas wyj\u0105tkowych okazji. Trzy przestronne i zapewniaj\u0105ce prywatno\u015b\u0107 sypialnie pozwalaj\u0105 w spokoju podziwia\u0107 krajobraz, pot\u0119guj\u0105c atmosfer\u0119 spokoju, kt\u00f3ra charakteryzuje t\u0119 nieruchomo\u015b\u0107. Uk\u0142ad uzupe\u0142nia weranda na parterze, kt\u00f3ra pozwala na rozbudow\u0119 willi o dodatkowe sypialnie, stref\u0119 rekreacyjn\u0105, gabinet lub cokolwiek innego, co wybierze jej przysz\u0142y w\u0142a\u015bciciel.<\/p>\n<p>Willa \u0142\u0105czy w sobie technologi\u0119 i zr\u00f3wnowa\u017cony rozw\u00f3j dzi\u0119ki takim systemom, jak mi\u0119dzy innymi ogrzewanie aerotermiczne, wentylacja z odzyskiem ciep\u0142a, ogrzewanie pod\u0142ogowe oraz system alarmowy. Wszystko to po\u0142\u0105czono z wysokiej jako\u015bci materia\u0142ami, starannie dobranymi, aby zapewni\u0107 wydajne, komfortowe i harmonijne wizualnie warunki \u017cycia. Ponadto wydano ju\u017c pozwolenie na budow\u0119, co oznacza, \u017ce prace budowlane mo\u017cna rozpocz\u0105\u0107 natychmiast.<\/p>\n<p>Widoki na morze, widoczne z ka\u017cdego poziomu, stanowi\u0105 serce i dusz\u0119 tej nieruchomo\u015bci. Architektura oprawia horyzont, pozwalaj\u0105c codziennie cieszy\u0107 si\u0119 \u015bwiat\u0142em, spokojem i pi\u0119knem otaczaj\u0105cej przyrody. Ta willa to co\u015b wi\u0119cej ni\u017c tylko dom: to miejsce, w kt\u00f3rym \u017cycie toczy si\u0119 w spokoju i stylu.<\/p>\n","protected":false},"excerpt":{"rendered":"<p>Willa z widokiem na morze w Cumbre del Sol, na p\u00f3\u0142nocnej Costa Blanca W Cumbre del Sol (Benitachell) ta willa stanowi uosobienie wsp\u00f3\u0142czesnego stylu \u017cycia nad morzem. Jej prosta, otwarta architektura wtapia si\u0119 w \u015br\u00f3dziemnomorski krajobraz i sprawia, \u017ce ka\u017cdy zak\u0105tek staje si\u0119 przestrzeni\u0105 spokoju, pi\u0119kna i \u015bwiat\u0142a. Projekt wn\u0119trz zosta\u0142 opracowany tak, aby podkre\u015bli\u0107 wi\u0119\u017a mi\u0119dzy pomieszczeniami a otoczeniem. Salon z jadalni\u0105 otwiera &#8230;<\/p>\n","protected":false},"featured_media":279495,"comment_status":"closed","ping_status":"closed","template":"","property_category":[394],"property_action_category":[37],"property_city":[719],"property_area":[766],"property_county_state":[475],"property_features":[132,99,669,102,100,52,105,671,92],"property_status":[286],"class_list":["post-279494","estate_property","type-estate_property","status-publish","has-post-thumbnail","hentry","property_category-villa","property_action_category-for-sale","property_city-benitachell","property_area-cumbre-del-sol","property_county_state-costa-blanca-norte","property_features-1-views","property_features-garage","property_features-garden","property_features-new-build","property_features-parking","property_features-pool","property_features-private","property_features-storage-room","property_features-terrace","property_status-new-build"],"_links":{"self":[{"href":"https:\/\/esentyaestate.com\/pl\/wp-json\/wp\/v2\/estate_property\/279494","targetHints":{"allow":["GET"]}}],"collection":[{"href":"https:\/\/esentyaestate.com\/pl\/wp-json\/wp\/v2\/estate_property"}],"about":[{"href":"https:\/\/esentyaestate.com\/pl\/wp-json\/wp\/v2\/types\/estate_property"}],"replies":[{"embeddable":true,"href":"https:\/\/esentyaestate.com\/pl\/wp-json\/wp\/v2\/comments?post=279494"}],"wp:featuredmedia":[{"embeddable":true,"href":"https:\/\/esentyaestate.com\/pl\/wp-json\/wp\/v2\/media\/279495"}],"wp:attachment":[{"href":"https:\/\/esentyaestate.com\/pl\/wp-json\/wp\/v2\/media?parent=279494"}],"wp:term":[{"taxonomy":"property_category","embeddable":true,"href":"https:\/\/esentyaestate.com\/pl\/wp-json\/wp\/v2\/property_category?post=279494"},{"taxonomy":"property_action_category","embeddable":true,"href":"https:\/\/esentyaestate.com\/pl\/wp-json\/wp\/v2\/property_action_category?post=279494"},{"taxonomy":"property_city","embeddable":true,"href":"https:\/\/esentyaestate.com\/pl\/wp-json\/wp\/v2\/property_city?post=279494"},{"taxonomy":"property_area","embeddable":true,"href":"https:\/\/esentyaestate.com\/pl\/wp-json\/wp\/v2\/property_area?post=279494"},{"taxonomy":"property_county_state","embeddable":true,"href":"https:\/\/esentyaestate.com\/pl\/wp-json\/wp\/v2\/property_county_state?post=279494"},{"taxonomy":"property_features","embeddable":true,"href":"https:\/\/esentyaestate.com\/pl\/wp-json\/wp\/v2\/property_features?post=279494"},{"taxonomy":"property_status","embeddable":true,"href":"https:\/\/esentyaestate.com\/pl\/wp-json\/wp\/v2\/property_status?post=279494"}],"curies":[{"name":"wp","href":"https:\/\/api.w.org\/{rel}","templated":true}]}}

<p>Willa z widokiem na morze w Cumbre del Sol, na północnej Costa Blanca</p>
<p>W Cumbre del Sol (Benitachell) ta willa stanowi uosobienie współczesnego stylu życia nad morzem.</p>
<p>Jej prosta, otwarta architektura wtapia się w śródziemnomorski krajobraz i sprawia, że każdy zakątek staje się przestrzenią spokoju, piękna i światła.</p>
<p>Projekt wnętrz został opracowany tak, aby podkreślić więź między pomieszczeniami a otoczeniem. Salon z jadalnią otwiera się poprzez duże okna na przestronny taras z basenem bez krawędzi, tworząc wrażenie nieprzerwanej przestrzeni. Kuchnia na otwartym planie, wyposażona w sprzęt najwyższej klasy, łączy w sobie funkcjonalność i styl, sprawdzając się zarówno w codziennym życiu, jak i podczas wyjątkowych okazji. Trzy przestronne i zapewniające prywatność sypialnie pozwalają w spokoju podziwiać krajobraz, potęgując atmosferę spokoju, która charakteryzuje tę nieruchomość. Układ uzupełnia weranda na parterze, która pozwala na rozbudowę willi o dodatkowe sypialnie, strefę rekreacyjną, gabinet lub cokolwiek innego, co wybierze jej przyszły właściciel.</p>
<p>Willa łączy w sobie technologię i zrównoważony rozwój dzięki takim systemom, jak między innymi ogrzewanie aerotermiczne, wentylacja z odzyskiem ciepła, ogrzewanie podłogowe oraz system alarmowy. Wszystko to połączono z wysokiej jakości materiałami, starannie dobranymi, aby zapewnić wydajne, komfortowe i harmonijne wizualnie warunki życia. Ponadto wydano już pozwolenie na budowę, co oznacza, że prace budowlane można rozpocząć natychmiast.</p>
<p>Widoki na morze, widoczne z każdego poziomu, stanowią serce i duszę tej nieruchomości. Architektura oprawia horyzont, pozwalając codziennie cieszyć się światłem, spokojem i pięknem otaczającej przyrody. Ta willa to coś więcej niż tylko dom: to miejsce, w którym życie toczy się w spokoju i stylu.</p>

<p>Willa z widokiem na morze w Cumbre del Sol, na północnej Costa Blanca W Cumbre del Sol (Benitachell) ta willa stanowi uosobienie współczesnego stylu życia nad morzem. Jej prosta, otwarta architektura wtapia się w śródziemnomorski krajobraz i sprawia, że każdy zakątek staje się przestrzenią spokoju, piękna i światła. Projekt wnętrz został opracowany tak, aby podkreślić więź między pomieszczeniami a otoczeniem. Salon z jadalnią otwiera &#8230;</p>
