{"id":283059,"date":"2026-09-04T02:04:03","date_gmt":"2026-09-04T01:04:03","guid":{"rendered":"https:\/\/esentyaestate.com\/estate_property\/villa-in-benitachell-ee13593\/"},"modified":"2026-09-04T02:04:03","modified_gmt":"2026-09-04T01:04:03","slug":"villa-in-benitachell-ee13593","status":"publish","type":"estate_property","link":"https:\/\/esentyaestate.com\/pl\/estate_property\/villa-in-benitachell-ee13593\/","title":{"rendered":"Villa in Benitachell &#8211; EE13593"},"content":{"rendered":"<p>Luksusowa willa z nowej inwestycji na sprzeda\u017c w Cumbre del Sol z panoramicznym widokiem na morze<\/p>\n<p>Po\u0142o\u017cona w ugruntowanej dzielnicy mieszkaniowej w ramach osiedla Cumbre del Sol, ta willa stanowi kwintesencj\u0119 nowoczesnej architektury na p\u00f3\u0142nocnym wybrze\u017cu Costa Blanca.<\/p>\n<p>Nowa nieruchomo\u015b\u0107 zaprojektowana z my\u015bl\u0105 o osobach poszukuj\u0105cych stylowego wystroju, komfortu i spektakularnych widok\u00f3w na morze w niezr\u00f3wnanym otoczeniu przyrody. Jej po\u0142o\u017cenie, pomi\u0119dzy Morair\u0105 a J\u00e1ve\u0105, pozwala cieszy\u0107 si\u0119 spokojem ekskluzywnej dzielnicy mieszkaniowej, a wszystkie udogodnienia znajduj\u0105 si\u0119 zaledwie kilka minut drogi st\u0105d: mi\u0119dzynarodowa szko\u0142a, obiekty sportowe, restauracje i krystalicznie czyste zatoczki.<\/p>\n<p>Projekt architektoniczny tej willi wyr\u00f3\u017cnia si\u0119 minimalistyczn\u0105 estetyk\u0105 oraz r\u00f3wnowag\u0105 mi\u0119dzy bry\u0142ami a materia\u0142ami. Fasady o czystych liniach, du\u017ce okna oraz starannie dobrane po\u0142\u0105czenie naturalnego kamienia i jasnych odcieni podkre\u015blaj\u0105 \u015bwiat\u0142o i harmoni\u0119 z otaczaj\u0105cym krajobrazem. Ka\u017cdy element zosta\u0142 zaprojektowany tak, aby wtopi\u0107 dom w nachylenie terenu i w pe\u0142ni wykorzysta\u0107 panoramiczne widoki na Morze \u015ar\u00f3dziemne.<\/p>\n<p>Willa, rozci\u0105gaj\u0105ca si\u0119 na trzech poziomach, oferuje funkcjonalny i elegancki rozk\u0142ad pomieszcze\u0144. Na parterze znajduje si\u0119 salon, jadalnia oraz otwarta, w pe\u0142ni wyposa\u017cona kuchnia z wysp\u0105 centraln\u0105 \u2013 wszystko w jednej przestrzeni, kt\u00f3ra otwiera si\u0119 na taras i basen bez kraw\u0119dzi. Na tym samym poziomie znajduje si\u0119 g\u0142\u00f3wna sypialnia z \u0142azienk\u0105 i garderob\u0105.<\/p>\n<p>Na ni\u017cszym poziomie znajduj\u0105 si\u0119 dwie dodatkowe sypialnie, obie z prywatnymi \u0142azienkami i dost\u0119pem do ogrodu, natomiast na g\u00f3rnym poziomie znajduje si\u0119 apartament z<br \/>\nprywatnym tarasem, idealny jako pok\u00f3j go\u015bcinny lub miejsce relaksu.<\/p>\n<p>Projekt krajobrazu dope\u0142nia ca\u0142o\u015bci, \u0142\u0105cz\u0105c \u015br\u00f3dziemnomorsk\u0105 ro\u015blinno\u015b\u0107 z zagospodarowanymi terenami, kamiennymi murkami i tarasami, kt\u00f3re podkre\u015blaj\u0105 osza\u0142amiaj\u0105ce widoki na morze. Basen bezkresowy staje si\u0119 wizualnym punktem centralnym kompleksu, zlewaj\u0105c si\u0119 z horyzontem.<\/p>\n<p>Willa wykorzystuje najnowsze technologie w zakresie efektywno\u015bci energetycznej i komfortu: ogrzewanie pod\u0142ogowe, system aerotermiczny, wysokiej jako\u015bci stolark\u0119, automatyk\u0119 domow\u0105, panele s\u0142oneczne oraz instalacj\u0119 przygotowuj\u0105c\u0105 do pod\u0142\u0105czenia pojazd\u00f3w elektrycznych. Nowoczesny, jasny i zr\u00f3wnowa\u017cony dom, kt\u00f3ry na nowo definiuje \u015br\u00f3dziemnomorski luksus.<\/p>\n","protected":false},"excerpt":{"rendered":"<p>Luksusowa willa z nowej inwestycji na sprzeda\u017c w Cumbre del Sol z panoramicznym widokiem na morze Po\u0142o\u017cona w ugruntowanej dzielnicy mieszkaniowej w ramach osiedla Cumbre del Sol, ta willa stanowi kwintesencj\u0119 nowoczesnej architektury na p\u00f3\u0142nocnym wybrze\u017cu Costa Blanca. Nowa nieruchomo\u015b\u0107 zaprojektowana z my\u015bl\u0105 o osobach poszukuj\u0105cych stylowego wystroju, komfortu i spektakularnych widok\u00f3w na morze w niezr\u00f3wnanym otoczeniu przyrody. Jej po\u0142o\u017cenie, pomi\u0119dzy Morair\u0105 a J\u00e1ve\u0105, &#8230;<\/p>\n","protected":false},"featured_media":283060,"comment_status":"closed","ping_status":"closed","template":"","property_category":[394],"property_action_category":[37],"property_city":[719],"property_area":[766],"property_county_state":[475],"property_features":[132,675,99,669,102,100,52,105,92],"property_status":[286],"class_list":["post-283059","estate_property","type-estate_property","status-publish","has-post-thumbnail","hentry","property_category-villa","property_action_category-for-sale","property_city-benitachell","property_area-cumbre-del-sol","property_county_state-costa-blanca-norte","property_features-1-views","property_features-barbecue","property_features-garage","property_features-garden","property_features-new-build","property_features-parking","property_features-pool","property_features-private","property_features-terrace","property_status-new-build"],"_links":{"self":[{"href":"https:\/\/esentyaestate.com\/pl\/wp-json\/wp\/v2\/estate_property\/283059","targetHints":{"allow":["GET"]}}],"collection":[{"href":"https:\/\/esentyaestate.com\/pl\/wp-json\/wp\/v2\/estate_property"}],"about":[{"href":"https:\/\/esentyaestate.com\/pl\/wp-json\/wp\/v2\/types\/estate_property"}],"replies":[{"embeddable":true,"href":"https:\/\/esentyaestate.com\/pl\/wp-json\/wp\/v2\/comments?post=283059"}],"wp:featuredmedia":[{"embeddable":true,"href":"https:\/\/esentyaestate.com\/pl\/wp-json\/wp\/v2\/media\/283060"}],"wp:attachment":[{"href":"https:\/\/esentyaestate.com\/pl\/wp-json\/wp\/v2\/media?parent=283059"}],"wp:term":[{"taxonomy":"property_category","embeddable":true,"href":"https:\/\/esentyaestate.com\/pl\/wp-json\/wp\/v2\/property_category?post=283059"},{"taxonomy":"property_action_category","embeddable":true,"href":"https:\/\/esentyaestate.com\/pl\/wp-json\/wp\/v2\/property_action_category?post=283059"},{"taxonomy":"property_city","embeddable":true,"href":"https:\/\/esentyaestate.com\/pl\/wp-json\/wp\/v2\/property_city?post=283059"},{"taxonomy":"property_area","embeddable":true,"href":"https:\/\/esentyaestate.com\/pl\/wp-json\/wp\/v2\/property_area?post=283059"},{"taxonomy":"property_county_state","embeddable":true,"href":"https:\/\/esentyaestate.com\/pl\/wp-json\/wp\/v2\/property_county_state?post=283059"},{"taxonomy":"property_features","embeddable":true,"href":"https:\/\/esentyaestate.com\/pl\/wp-json\/wp\/v2\/property_features?post=283059"},{"taxonomy":"property_status","embeddable":true,"href":"https:\/\/esentyaestate.com\/pl\/wp-json\/wp\/v2\/property_status?post=283059"}],"curies":[{"name":"wp","href":"https:\/\/api.w.org\/{rel}","templated":true}]}}

<p>Luksusowa willa z nowej inwestycji na sprzedaż w Cumbre del Sol z panoramicznym widokiem na morze</p>
<p>Położona w ugruntowanej dzielnicy mieszkaniowej w ramach osiedla Cumbre del Sol, ta willa stanowi kwintesencję nowoczesnej architektury na północnym wybrzeżu Costa Blanca.</p>
<p>Nowa nieruchomość zaprojektowana z myślą o osobach poszukujących stylowego wystroju, komfortu i spektakularnych widoków na morze w niezrównanym otoczeniu przyrody. Jej położenie, pomiędzy Morairą a Jáveą, pozwala cieszyć się spokojem ekskluzywnej dzielnicy mieszkaniowej, a wszystkie udogodnienia znajdują się zaledwie kilka minut drogi stąd: międzynarodowa szkoła, obiekty sportowe, restauracje i krystalicznie czyste zatoczki.</p>
<p>Projekt architektoniczny tej willi wyróżnia się minimalistyczną estetyką oraz równowagą między bryłami a materiałami. Fasady o czystych liniach, duże okna oraz starannie dobrane połączenie naturalnego kamienia i jasnych odcieni podkreślają światło i harmonię z otaczającym krajobrazem. Każdy element został zaprojektowany tak, aby wtopić dom w nachylenie terenu i w pełni wykorzystać panoramiczne widoki na Morze Śródziemne.</p>
<p>Willa, rozciągająca się na trzech poziomach, oferuje funkcjonalny i elegancki rozkład pomieszczeń. Na parterze znajduje się salon, jadalnia oraz otwarta, w pełni wyposażona kuchnia z wyspą centralną – wszystko w jednej przestrzeni, która otwiera się na taras i basen bez krawędzi. Na tym samym poziomie znajduje się główna sypialnia z łazienką i garderobą.</p>
<p>Na niższym poziomie znajdują się dwie dodatkowe sypialnie, obie z prywatnymi łazienkami i dostępem do ogrodu, natomiast na górnym poziomie znajduje się apartament z<br />
prywatnym tarasem, idealny jako pokój gościnny lub miejsce relaksu.</p>
<p>Projekt krajobrazu dopełnia całości, łącząc śródziemnomorską roślinność z zagospodarowanymi terenami, kamiennymi murkami i tarasami, które podkreślają oszałamiające widoki na morze. Basen bezkresowy staje się wizualnym punktem centralnym kompleksu, zlewając się z horyzontem.</p>
<p>Willa wykorzystuje najnowsze technologie w zakresie efektywności energetycznej i komfortu: ogrzewanie podłogowe, system aerotermiczny, wysokiej jakości stolarkę, automatykę domową, panele słoneczne oraz instalację przygotowującą do podłączenia pojazdów elektrycznych. Nowoczesny, jasny i zrównoważony dom, który na nowo definiuje śródziemnomorski luksus.</p>

<p>Luksusowa willa z nowej inwestycji na sprzedaż w Cumbre del Sol z panoramicznym widokiem na morze Położona w ugruntowanej dzielnicy mieszkaniowej w ramach osiedla Cumbre del Sol, ta willa stanowi kwintesencję nowoczesnej architektury na północnym wybrzeżu Costa Blanca. Nowa nieruchomość zaprojektowana z myślą o osobach poszukujących stylowego wystroju, komfortu i spektakularnych widoków na morze w niezrównanym otoczeniu przyrody. Jej położenie, pomiędzy Morairą a Jáveą, &#8230;</p>
