{"id":59252,"date":"2025-12-19T14:29:11","date_gmt":"2025-12-19T14:29:11","guid":{"rendered":"https:\/\/esentyaestate.com\/estate_property\/villa-en-finestrat-ee9624\/"},"modified":"2025-12-19T14:29:11","modified_gmt":"2025-12-19T14:29:11","slug":"villa-en-finestrat-ee9624","status":"publish","type":"estate_property","link":"https:\/\/esentyaestate.com\/spa\/estate_property\/villa-en-finestrat-ee9624\/","title":{"rendered":"Villa en Finestrat &#8211; EE9624"},"content":{"rendered":"<p>VILLAS DE OBRA NUEVA EN FINESTRAT<\/p>\n<p>Residencial de obra nueva de 9 villas en Finestrat, en Sierra Cortina &#8211; una de las mejores urbanizaciones de la Costa Blanca.<\/p>\n<p>Residencial consta de 4 tipos diferentes de viviendas adaptadas a las necesidades de los clientes. Algunos de los modelos vienen construidos en 1 o 2 plantas, con s\u00f3tano, solarium.<\/p>\n<p>Todas las villas tienen 3 dormitorios, 2 o 3 ba\u00f1os, cocina americana con sal\u00f3n, armarios empotrados, aire acondicionado y aerotermia, cocina equipada, jard\u00edn privado con piscina y parking.<\/p>\n<p>Residencial ubicado en el complejo tur\u00edstico Sierra Cortina, junto a dos campos de golf, parques tem\u00e1ticos, un gran centro comercial y a escasos minutos de las playas de Benidorm.<\/p>\n<p>Finestrat ubicado en la comarca de la Marina Baixa de la Costa Blanca, cerca de la vecina Benidorm y a unos 40 kil\u00f3metros de la ciudad de Alicante y del aeropuerto internacional.<\/p>\n<p>El pueblo est\u00e1 situado en la ladera de la monta\u00f1a de Puig Campana y ofrece hermosas vistas de la monta\u00f1a, la costa y el mar Mediterr\u00e1neo.<\/p>\n","protected":false},"excerpt":{"rendered":"<p>VILLAS DE OBRA NUEVA EN FINESTRAT Residencial de obra nueva de 9 villas en Finestrat, en Sierra Cortina &#8211; una de las mejores urbanizaciones de la Costa Blanca. Residencial consta de 4 tipos diferentes de viviendas adaptadas a las necesidades de los clientes. Algunos de los modelos vienen construidos en 1 o 2 plantas, con s\u00f3tano, solarium. Todas las villas tienen 3 dormitorios, 2 &#8230;<\/p>\n","protected":false},"featured_media":59253,"comment_status":"open","ping_status":"closed","template":"","property_category":[394],"property_action_category":[37],"property_city":[485],"property_area":[556],"property_county_state":[475],"property_features":[132,93,99,103,102,100,52,105,101,104,92],"property_status":[286],"class_list":["post-59252","estate_property","type-estate_property","status-publish","has-post-thumbnail","hentry","property_category-villa","property_action_category-for-sale","property_city-finestrat","property_area-sierra-cortina","property_county_state-costa-blanca-norte","property_features-1-views","property_features-aire-acondicionado","property_features-garage","property_features-jardin","property_features-new-build","property_features-parking","property_features-pool","property_features-private","property_features-solarium","property_features-sotano","property_features-terrace","property_status-new-build"],"_links":{"self":[{"href":"https:\/\/esentyaestate.com\/spa\/wp-json\/wp\/v2\/estate_property\/59252","targetHints":{"allow":["GET"]}}],"collection":[{"href":"https:\/\/esentyaestate.com\/spa\/wp-json\/wp\/v2\/estate_property"}],"about":[{"href":"https:\/\/esentyaestate.com\/spa\/wp-json\/wp\/v2\/types\/estate_property"}],"replies":[{"embeddable":true,"href":"https:\/\/esentyaestate.com\/spa\/wp-json\/wp\/v2\/comments?post=59252"}],"wp:featuredmedia":[{"embeddable":true,"href":"https:\/\/esentyaestate.com\/spa\/wp-json\/wp\/v2\/media\/59253"}],"wp:attachment":[{"href":"https:\/\/esentyaestate.com\/spa\/wp-json\/wp\/v2\/media?parent=59252"}],"wp:term":[{"taxonomy":"property_category","embeddable":true,"href":"https:\/\/esentyaestate.com\/spa\/wp-json\/wp\/v2\/property_category?post=59252"},{"taxonomy":"property_action_category","embeddable":true,"href":"https:\/\/esentyaestate.com\/spa\/wp-json\/wp\/v2\/property_action_category?post=59252"},{"taxonomy":"property_city","embeddable":true,"href":"https:\/\/esentyaestate.com\/spa\/wp-json\/wp\/v2\/property_city?post=59252"},{"taxonomy":"property_area","embeddable":true,"href":"https:\/\/esentyaestate.com\/spa\/wp-json\/wp\/v2\/property_area?post=59252"},{"taxonomy":"property_county_state","embeddable":true,"href":"https:\/\/esentyaestate.com\/spa\/wp-json\/wp\/v2\/property_county_state?post=59252"},{"taxonomy":"property_features","embeddable":true,"href":"https:\/\/esentyaestate.com\/spa\/wp-json\/wp\/v2\/property_features?post=59252"},{"taxonomy":"property_status","embeddable":true,"href":"https:\/\/esentyaestate.com\/spa\/wp-json\/wp\/v2\/property_status?post=59252"}],"curies":[{"name":"wp","href":"https:\/\/api.w.org\/{rel}","templated":true}]}}

<p>VILLAS DE OBRA NUEVA EN FINESTRAT</p>
<p>Residencial de obra nueva de 9 villas en Finestrat, en Sierra Cortina &#8211; una de las mejores urbanizaciones de la Costa Blanca.</p>
<p>Residencial consta de 4 tipos diferentes de viviendas adaptadas a las necesidades de los clientes. Algunos de los modelos vienen construidos en 1 o 2 plantas, con sótano, solarium.</p>
<p>Todas las villas tienen 3 dormitorios, 2 o 3 baños, cocina americana con salón, armarios empotrados, aire acondicionado y aerotermia, cocina equipada, jardín privado con piscina y parking.</p>
<p>Residencial ubicado en el complejo turístico Sierra Cortina, junto a dos campos de golf, parques temáticos, un gran centro comercial y a escasos minutos de las playas de Benidorm.</p>
<p>Finestrat ubicado en la comarca de la Marina Baixa de la Costa Blanca, cerca de la vecina Benidorm y a unos 40 kilómetros de la ciudad de Alicante y del aeropuerto internacional.</p>
<p>El pueblo está situado en la ladera de la montaña de Puig Campana y ofrece hermosas vistas de la montaña, la costa y el mar Mediterráneo.</p>

<p>VILLAS DE OBRA NUEVA EN FINESTRAT Residencial de obra nueva de 9 villas en Finestrat, en Sierra Cortina &#8211; una de las mejores urbanizaciones de la Costa Blanca. Residencial consta de 4 tipos diferentes de viviendas adaptadas a las necesidades de los clientes. Algunos de los modelos vienen construidos en 1 o 2 plantas, con sótano, solarium. Todas las villas tienen 3 dormitorios, 2 &#8230;</p>
