{"id":18153,"date":"2014-05-24T13:54:01","date_gmt":"2014-05-24T13:54:01","guid":{"rendered":"http:\/\/wpresidence.net\/?page_id=13"},"modified":"2025-11-27T08:43:34","modified_gmt":"2025-11-27T08:43:34","slug":"privacy-policy","status":"publish","type":"page","link":"https:\/\/esentyaestate.com\/spa\/privacy-policy\/","title":{"rendered":"Pol\u00edtica de Privacidad"},"content":{"rendered":"<p data-start=\"305\" data-end=\"596\">En cumplimiento de lo dispuesto en la legislaci\u00f3n vigente, <a class=\"decorated-link\" href=\"https:\/\/esentyaestate.com\/spa\" target=\"_new\" rel=\"noopener\" data-start=\"384\" data-end=\"410\">https:\/\/esentyaestate.com\/<\/a> (en adelante tambi\u00e9n el Sitio Web) se compromete a adoptar las medidas t\u00e9cnicas y organizativas necesarias, seg\u00fan el nivel de seguridad adecuado al riesgo de los datos recogidos.<\/p>\n<p data-start=\"598\" data-end=\"831\"><strong data-start=\"598\" data-end=\"644\">Leyes incorporadas a esta pol\u00edtica de privacidad<\/strong><br data-start=\"644\" data-end=\"647\" \/>Esta pol\u00edtica de privacidad se adapta a la normativa espa\u00f1ola y europea vigente en materia de protecci\u00f3n de datos personales en internet. En concreto, cumple con las siguientes normas:<\/p>\n<ul data-start=\"833\" data-end=\"1369\">\n<li data-start=\"833\" data-end=\"1056\">\n<p data-start=\"835\" data-end=\"1056\">Reglamento (UE) 2016\/679 del Parlamento Europeo y del Consejo, de 27 de abril de 2016, relativo a la protecci\u00f3n de las personas f\u00edsicas en lo que respecta al tratamiento de datos personales y a la libre circulaci\u00f3n de estos datos (RGPD).<\/p>\n<\/li>\n<li data-start=\"1057\" data-end=\"1220\">\n<p data-start=\"1059\" data-end=\"1220\">Real Decreto 1720\/2007, de 21 de diciembre, por el que se aprueba el Reglamento de desarrollo de la Ley Org\u00e1nica 15\/1999, de 13 de diciembre, de Protecci\u00f3n de Datos de Car\u00e1cter Personal (RDLOPD).<\/p>\n<\/li>\n<li data-start=\"1221\" data-end=\"1323\">\n<p data-start=\"1223\" data-end=\"1323\">Ley 34\/2002, de 11 de julio, de Servicios de la Sociedad de la Informaci\u00f3n y de Comercio Electr\u00f3nico (LSSI-CE).<\/p>\n<\/li>\n<li data-start=\"1324\" data-end=\"1369\">\n<p data-start=\"1326\" data-end=\"1369\">Ley Org\u00e1nica 3\/2018, de 5 de diciembre (LOPDGDD).<\/p>\n<\/li>\n<\/ul>\n<p data-start=\"1371\" data-end=\"1759\"><strong data-start=\"1371\" data-end=\"1418\">Identidad del responsable del tratamiento de datos personales<\/strong><br data-start=\"1418\" data-end=\"1421\" \/>El responsable del tratamiento de los datos personales recogidos en <a class=\"decorated-link\" href=\"https:\/\/esentyaestate.com\/spa\" target=\"_new\" rel=\"noopener\" data-start=\"1470\" data-end=\"1496\">https:\/\/esentyaestate.com\/<\/a> es ESENTYA ESTATE &amp; PROMOTIONS SL, con NIF: B10715092 (en adelante, el Responsable del Tratamiento). Sus datos de contacto son los siguientes:<br data-start=\"1627\" data-end=\"1630\" \/>Direcci\u00f3n: CALLE MAYOR, N.11, Torrevieja, 03188, Alicante.<br data-start=\"1686\" data-end=\"1689\" \/>Correo electr\u00f3nico de contacto: <a class=\"decorated-link cursor-pointer\" rel=\"noopener\" data-start=\"1704\" data-end=\"1736\">administracion@esentyaestate.com<\/a><br data-start=\"1736\" data-end=\"1739\" \/>Tel\u00e9fono: 634205959<\/p>\n<p data-start=\"1761\" data-end=\"1947\"><strong data-start=\"1761\" data-end=\"1821\">Principios aplicables al tratamiento de datos personales<\/strong><br data-start=\"1821\" data-end=\"1824\" \/>El tratamiento de los datos personales del Usuario se someter\u00e1 a los siguientes principios recogidos en el art\u00edculo 5 del RGPD:<\/p>\n<ul data-start=\"1948\" data-end=\"2998\">\n<li data-start=\"1948\" data-end=\"2157\">\n<p data-start=\"1950\" data-end=\"2157\"><strong data-start=\"1950\" data-end=\"2005\">Principio de legalidad, equidad y transparencia:<\/strong> Se requerir\u00e1 en todo momento el consentimiento del Usuario previa informaci\u00f3n totalmente transparente sobre las finalidades para las cuales se recogen los datos personales.<\/p>\n<\/li>\n<li data-start=\"2158\" data-end=\"2280\">\n<p data-start=\"2160\" data-end=\"2280\"><strong data-start=\"2160\" data-end=\"2196\">Principio de limitaci\u00f3n de la finalidad:<\/strong> Los datos personales se recoger\u00e1n con fines determinados, expl\u00edcitos y leg\u00edtimos.<\/p>\n<\/li>\n<li data-start=\"2281\" data-end=\"2445\">\n<p data-start=\"2283\" data-end=\"2445\"><strong data-start=\"2283\" data-end=\"2318\">Principio de minimizaci\u00f3n de datos:<\/strong> Los datos personales recogidos ser\u00e1n \u00fanicamente los estrictamente necesarios en relaci\u00f3n con los fines para los que son tratados.<\/p>\n<\/li>\n<li data-start=\"2446\" data-end=\"2530\">\n<p data-start=\"2448\" data-end=\"2530\"><strong data-start=\"2448\" data-end=\"2474\">Principio de precisi\u00f3n:<\/strong> Los datos personales deben ser exactos y estar siempre actualizados.<\/p>\n<\/li>\n<li data-start=\"2531\" data-end=\"2715\">\n<p data-start=\"2533\" data-end=\"2715\"><strong data-start=\"2533\" data-end=\"2569\">Principio de limitaci\u00f3n del almacenamiento:<\/strong> Los datos personales s\u00f3lo se conservar\u00e1n en forma que permita la identificaci\u00f3n del Usuario durante el tiempo necesario para los fines de su tratamiento.<\/p>\n<\/li>\n<li data-start=\"2716\" data-end=\"2861\">\n<p data-start=\"2718\" data-end=\"2861\"><strong data-start=\"2718\" data-end=\"2765\">Principio de integridad y confidencialidad:<\/strong> Los datos personales ser\u00e1n tratados de forma que se garantice su seguridad y confidencialidad.<\/p>\n<\/li>\n<li data-start=\"2862\" data-end=\"2998\">\n<p data-start=\"2864\" data-end=\"2998\"><strong data-start=\"2864\" data-end=\"2906\">Principio de responsabilidad proactiva:<\/strong> El Responsable del Tratamiento ser\u00e1 responsable de garantizar el cumplimiento de los principios anteriores.<\/p>\n<\/li>\n<\/ul>\n<p data-start=\"3000\" data-end=\"3234\"><strong data-start=\"3000\" data-end=\"3031\">Categor\u00edas de datos personales<\/strong><br data-start=\"3031\" data-end=\"3034\" \/>Las categor\u00edas de datos tratados en <a class=\"decorated-link\" href=\"https:\/\/esentyaestate.com\/spa\" target=\"_new\" rel=\"noopener\" data-start=\"3070\" data-end=\"3096\">https:\/\/esentyaestate.com\/<\/a> Son \u00fanicamente datos de identificaci\u00f3n. En ning\u00fan caso se tratan categor\u00edas especiales de datos personales en el sentido del art\u00edculo 9 del RGPD.<\/p>\n<p data-start=\"3236\" data-end=\"3505\"><strong data-start=\"3236\" data-end=\"3280\">Base legal para el tratamiento de datos personales<\/strong><br data-start=\"3280\" data-end=\"3283\" \/>La base legal para el tratamiento de datos personales es el consentimiento. <a class=\"decorated-link\" href=\"https:\/\/esentyaestate.com\/spa\" target=\"_new\" rel=\"noopener\" data-start=\"3340\" data-end=\"3366\">https:\/\/esentyaestate.com\/<\/a> se compromete a obtener el consentimiento expreso y verificable del Usuario para el tratamiento de sus datos personales para uno o varios fines espec\u00edficos.<\/p>\n<p data-start=\"3507\" data-end=\"3711\">El Usuario tendr\u00e1 derecho a retirar su consentimiento en cualquier momento. Retirar el consentimiento ser\u00e1 tan sencillo como otorgarlo. Por regla general, la retirada del consentimiento no condiciona el uso del Sitio Web.<\/p>\n<p data-start=\"3713\" data-end=\"4064\">En las ocasiones en que el Usuario deba o pueda facilitar sus datos a trav\u00e9s de formularios para realizar consultas, solicitar informaci\u00f3n o por motivos relacionados con el contenido del Sitio Web, se le informar\u00e1 de si la cumplimentaci\u00f3n de alguno de ellos es obligatoria debido a que dichos datos son imprescindibles para la correcta ejecuci\u00f3n de la operaci\u00f3n realizada.<\/p>\n<p data-start=\"4066\" data-end=\"4425\"><strong data-start=\"4066\" data-end=\"4113\">Finalidades del tratamiento de datos personales<\/strong><br data-start=\"4113\" data-end=\"4116\" \/>Los datos personales son recopilados y gestionados por <a class=\"decorated-link\" href=\"https:\/\/esentyaestate.com\/spa\" target=\"_new\" rel=\"noopener\" data-start=\"4159\" data-end=\"4185\">https:\/\/esentyaestate.com\/<\/a> con la finalidad de facilitar, agilizar y cumplir los compromisos establecidos entre el Sitio Web y el Usuario o el mantenimiento de la relaci\u00f3n que se establezca en los formularios que este rellene o para gestionar una solicitud o consulta.<\/p>\n<p data-start=\"4427\" data-end=\"4784\">Asimismo, los datos podr\u00e1n ser utilizados para fines comerciales, operativos y estad\u00edsticos, y actividades propias del objeto social de <a class=\"decorated-link\" href=\"https:\/\/esentyaestate.com\/spa\" target=\"_new\" rel=\"noopener\" data-start=\"4563\" data-end=\"4589\">https:\/\/esentyaestate.com\/<\/a>, as\u00ed como para la extracci\u00f3n, almacenamiento de datos y estudios de marketing para adecuar el Contenido ofertado al Usuario, as\u00ed como mejorar la calidad, funcionamiento y experiencia de navegaci\u00f3n del Sitio Web.<\/p>\n<p data-start=\"4786\" data-end=\"4996\">En el momento en que se obtengan los datos personales, se informar\u00e1 al Usuario de la(s) finalidad(es) espec\u00edfica(s) para la cual ser\u00e1n tratados los datos personales; es decir, el uso que se har\u00e1 de la informaci\u00f3n recopilada.<\/p>\n<p data-start=\"4998\" data-end=\"5292\"><strong data-start=\"4998\" data-end=\"5037\">Plazos de conservaci\u00f3n de datos personales<\/strong><br data-start=\"5037\" data-end=\"5040\" \/>Los datos personales solo se conservar\u00e1n durante el tiempo m\u00ednimo necesario para los fines de su tratamiento y, en todo caso, \u00fanicamente durante el siguiente plazo: el tiempo necesario para cumplir con las actividades contratadas, o hasta que el Usuario solicite su supresi\u00f3n.<\/p>\n<p data-start=\"5294\" data-end=\"5498\">En el momento en que se obtengan los datos personales, se informar\u00e1 al Usuario acerca del plazo durante el cual se conservar\u00e1n los datos personales o, cuando eso no sea posible, los criterios utilizados para determinar este plazo.<\/p>\n<p data-start=\"5500\" data-end=\"5598\"><strong data-start=\"5500\" data-end=\"5531\">Destinatarios de datos personales<\/strong><br data-start=\"5531\" data-end=\"5534\" \/>Los datos personales del Usuario no ser\u00e1n compartidos con terceros.<\/p>\n<p data-start=\"5600\" data-end=\"5755\">En todo caso, en el momento en que se obtengan los datos personales, se informar\u00e1 al Usuario de los destinatarios o de las categor\u00edas de destinatarios de los datos personales.<\/p>\n<p data-start=\"5757\" data-end=\"6180\"><strong data-start=\"5757\" data-end=\"5784\">Datos personales de menores<\/strong><br data-start=\"5784\" data-end=\"5787\" \/>En cumplimiento de los art\u00edculos 8 del RGPD y 13 del RDLOPD, solo las personas mayores de 14 a\u00f1os podr\u00e1n dar l\u00edcitamente su consentimiento para el tratamiento de sus datos personales por <a class=\"decorated-link\" href=\"https:\/\/esentyaestate.com\/spa\" target=\"_new\" rel=\"noopener\" data-start=\"5961\" data-end=\"5987\">https:\/\/esentyaestate.com\/<\/a>Si el Usuario es menor de 14 a\u00f1os, se requerir\u00e1 el consentimiento paterno o tutor para el tratamiento, y dicho tratamiento solo se considerar\u00e1 l\u00edcito en la medida en que lo hayan autorizado.<\/p>\n<p data-start=\"6182\" data-end=\"6581\"><strong data-start=\"6182\" data-end=\"6223\">Secreto y seguridad de los datos personales<\/strong><br data-start=\"6223\" data-end=\"6226\" \/><a class=\"decorated-link\" href=\"https:\/\/esentyaestate.com\/spa\" target=\"_new\" rel=\"noopener\" data-start=\"6226\" data-end=\"6252\">https:\/\/esentyaestate.com\/<\/a> se compromete a adoptar las medidas t\u00e9cnicas y organizativas necesarias, seg\u00fan el nivel de seguridad adecuado al riesgo de los datos recogidos, de forma que se garantice la seguridad de los datos de car\u00e1cter personal y se evite su destrucci\u00f3n, p\u00e9rdida o alteraci\u00f3n accidental o il\u00edcita, o la comunicaci\u00f3n o acceso no autorizados a dichos datos.<\/p>\n<p data-start=\"6583\" data-end=\"6809\">El Sitio Web cuenta con un certificado SSL (Secure Socket Layer), que asegura que los datos personales se transmiten de forma segura y confidencial, al ser la transmisi\u00f3n de datos entre el servidor y el Usuario, y en retroalimentaci\u00f3n, totalmente cifrada.<\/p>\n<p data-start=\"6811\" data-end=\"7466\">Sin embargo, como <a class=\"decorated-link\" href=\"https:\/\/esentyaestate.com\/spa\" target=\"_new\" rel=\"noopener\" data-start=\"6823\" data-end=\"6849\">https:\/\/esentyaestate.com\/<\/a> Dado que no puede garantizar la seguridad absoluta de internet ni la ausencia de hackers u otros que accedan fraudulentamente a datos personales, el Responsable del Tratamiento se compromete a notificar al Usuario sin demora indebida cuando se produzca una violaci\u00f3n de la seguridad de los datos personales que pueda suponer un alto riesgo para los derechos y libertades de las personas f\u00edsicas. Seg\u00fan el art\u00edculo 4 del RGPD, se entiende por violaci\u00f3n de la seguridad de los datos personales cualquier violaci\u00f3n de la seguridad que ocasione la destrucci\u00f3n, p\u00e9rdida o alteraci\u00f3n accidental o il\u00edcita de datos personales transmitidos, conservados o tratados de otro modo, o la comunicaci\u00f3n o el acceso no autorizados a dichos datos.<\/p>\n<p data-start=\"7468\" data-end=\"7741\">Los datos personales ser\u00e1n tratados de forma confidencial por el Responsable del Tratamiento, quien se compromete a informar y a garantizar por medio de una obligaci\u00f3n legal o contractual que dicha confidencialidad sea respetada por sus empleados, socios y toda persona a la cual le haga accesible la informaci\u00f3n.<\/p>\n<p data-start=\"7743\" data-end=\"7946\"><strong data-start=\"7743\" data-end=\"7798\">Derechos derivados del tratamiento de datos personales<\/strong><br data-start=\"7798\" data-end=\"7801\" \/>El Usuario tiene y podr\u00e1 por tanto ejercitar contra <a class=\"decorated-link\" href=\"https:\/\/esentyaestate.com\/spa\" target=\"_new\" rel=\"noopener\" data-start=\"7850\" data-end=\"7876\">https:\/\/esentyaestate.com\/<\/a> y el Responsable del Tratamiento, los siguientes derechos reconocidos en el RGPD:<\/p>\n<ul data-start=\"7948\" data-end=\"10570\">\n<li data-start=\"7948\" data-end=\"8393\">\n<p data-start=\"7950\" data-end=\"8393\"><strong data-start=\"7950\" data-end=\"7970\">Derecho de acceso:<\/strong> El Usuario tiene derecho a obtener confirmaci\u00f3n sobre si <a class=\"decorated-link\" href=\"https:\/\/esentyaestate.com\/spa\" target=\"_new\" rel=\"noopener\" data-start=\"8031\" data-end=\"8057\">https:\/\/esentyaestate.com\/<\/a> est\u00e1 procesando sus datos personales y, en tal caso, obtener informaci\u00f3n sobre sus datos personales espec\u00edficos y el procesamiento que <a class=\"decorated-link\" href=\"https:\/\/esentyaestate.com\/spa\" target=\"_new\" rel=\"noopener\" data-start=\"8185\" data-end=\"8211\">https:\/\/esentyaestate.com\/<\/a> haya realizado o pueda realizar, as\u00ed como, entre otra, la informaci\u00f3n disponible sobre el origen de dichos datos y los destinatarios de las comunicaciones realizadas o previstas.<\/p>\n<\/li>\n<li data-start=\"8394\" data-end=\"8560\">\n<p data-start=\"8396\" data-end=\"8560\"><strong data-start=\"8396\" data-end=\"8423\">Derecho de rectificaci\u00f3n:<\/strong> El Usuario tiene derecho a que se modifiquen los datos personales que resulten inexactos o, teniendo en cuenta los fines del tratamiento, se completen.<\/p>\n<\/li>\n<li data-start=\"8561\" data-end=\"9452\">\n<p data-start=\"8563\" data-end=\"9452\"><strong data-start=\"8563\" data-end=\"8610\">Derecho de supresi\u00f3n (\u201cderecho al olvido\u201d):<\/strong> El Usuario tiene derecho, salvo que la legislaci\u00f3n vigente disponga lo contrario, a obtener la supresi\u00f3n de sus datos personales cuando estos ya no sean necesarios para los fines para los que fueron recopilados o tratados; cuando el Usuario retire su consentimiento y no exista otra base legal; cuando el Usuario se oponga al tratamiento y no exista otro motivo leg\u00edtimo para continuarlo; cuando los datos hayan sido tratados il\u00edcitamente; cuando los datos deban suprimirse por obligaci\u00f3n legal; o cuando se hayan obtenido de la oferta directa de servicios de la sociedad de la informaci\u00f3n a un menor de 14 a\u00f1os. Adem\u00e1s, el Responsable del Tratamiento, considerando la tecnolog\u00eda disponible y el coste de implementaci\u00f3n, deber\u00e1 adoptar medidas razonables para informar a los responsables del tratamiento de los datos personales de la solicitud del interesado de supresi\u00f3n de cualquier enlace a dichos datos personales.<\/p>\n<\/li>\n<li data-start=\"9454\" data-end=\"9798\">\n<p data-start=\"9456\" data-end=\"9798\"><strong data-start=\"9456\" data-end=\"9495\">Derecho a la limitaci\u00f3n del tratamiento:<\/strong> El Usuario tiene derecho a restringir el procesamiento de sus datos personales cuando impugne la exactitud de sus datos personales; cuando el procesamiento sea il\u00edcito; cuando el Responsable del Tratamiento ya no necesite los datos personales pero el Usuario los necesite para reclamaciones; y cuando el Usuario se haya opuesto al procesamiento.<\/p>\n<\/li>\n<li data-start=\"9799\" data-end=\"10175\">\n<p data-start=\"9801\" data-end=\"10175\"><strong data-start=\"9801\" data-end=\"9831\">Derecho a la portabilidad de datos:<\/strong> Cuando el tratamiento se realice por medios automatizados, el Usuario tendr\u00e1 derecho a recibir sus datos personales del Responsable del Tratamiento en un formato estructurado, de uso com\u00fan y lectura mec\u00e1nica, y a transmitirlos a otro responsable. Cuando sea t\u00e9cnicamente posible, el Responsable del Tratamiento transmitir\u00e1 directamente los datos a dicho responsable.<\/p>\n<\/li>\n<li data-start=\"10176\" data-end=\"10305\">\n<p data-start=\"10178\" data-end=\"10305\"><strong data-start=\"10178\" data-end=\"10198\">Derecho a oponerse:<\/strong> El Usuario tiene derecho a oponerse al tratamiento de sus datos personales mediante <a class=\"decorated-link\" href=\"https:\/\/esentyaestate.com\/spa\" target=\"_new\" rel=\"noopener\" data-start=\"10276\" data-end=\"10302\">https:\/\/esentyaestate.com\/<\/a>.<\/p>\n<\/li>\n<li data-start=\"10306\" data-end=\"10570\">\n<p data-start=\"10308\" data-end=\"10570\"><strong data-start=\"10308\" data-end=\"10397\">Derecho a no ser objeto de decisiones individuales automatizadas, incluida la elaboraci\u00f3n de perfiles:<\/strong> El Usuario tiene derecho a no ser objeto de una decisi\u00f3n basada \u00fanicamente en el tratamiento automatizado de sus datos personales, incluida la elaboraci\u00f3n de perfiles, salvo que la ley disponga lo contrario.<\/p>\n<\/li>\n<\/ul>\n<p data-start=\"10572\" data-end=\"10738\">As\u00ed pues, el Usuario podr\u00e1 ejercitar sus derechos mediante comunicaci\u00f3n escrita dirigida al Responsable del Tratamiento con la referencia \u201cRGPD \u2013 <a class=\"decorated-link cursor-pointer\" target=\"_new\" rel=\"noopener\" data-start=\"10698\" data-end=\"10725\">https:\/\/esentyaestate.com\/\u201d<\/a>, especificando:<\/p>\n<ul data-start=\"10740\" data-end=\"11268\">\n<li data-start=\"10740\" data-end=\"11049\">\n<p data-start=\"10742\" data-end=\"11049\">Nombre, apellidos del Usuario y copia de su DNI. En caso de representaci\u00f3n, se requerir\u00e1 la identificaci\u00f3n del representante por el mismo medio, as\u00ed como el documento que acredite la representaci\u00f3n. La copia del DNI podr\u00e1 sustituirse por cualquier otro medio v\u00e1lido que acredite la identidad.<\/p>\n<\/li>\n<li data-start=\"11050\" data-end=\"11141\">\n<p data-start=\"11052\" data-end=\"11141\">Solicitud en la que se indiquen los motivos espec\u00edficos de la solicitud o de la informaci\u00f3n a la que se accede.<\/p>\n<\/li>\n<li data-start=\"11142\" data-end=\"11180\">\n<p data-start=\"11144\" data-end=\"11180\">Domicilio a efectos de notificaciones.<\/p>\n<\/li>\n<li data-start=\"11181\" data-end=\"11221\">\n<p data-start=\"11183\" data-end=\"11221\">Fecha y firma del solicitante.<\/p>\n<\/li>\n<li data-start=\"11222\" data-end=\"11268\">\n<p data-start=\"11224\" data-end=\"11268\">Cualquier documento que acredite la solicitud que se formula.<\/p>\n<\/li>\n<\/ul>\n<p data-start=\"11270\" data-end=\"11421\">Esta solicitud y cualquier otro documento adjunto podr\u00e1n enviarse a la siguiente direcci\u00f3n de correo electr\u00f3nico:<br data-start=\"11359\" data-end=\"11362\" \/><a class=\"decorated-link cursor-pointer\" rel=\"noopener\" data-start=\"11362\" data-end=\"11394\">administracion@esentyaestate.com<\/a> <a class=\"decorated-link\" href=\"https:\/\/esentyaestate.com\/spa\" target=\"_new\" rel=\"noopener\" data-start=\"11395\" data-end=\"11421\">https:\/\/esentyaestate.com\/<\/a><\/p>\n<p data-start=\"11423\" data-end=\"11946\"><strong data-start=\"11423\" data-end=\"11470\">Reclamaciones ante la autoridad de control<\/strong><br data-start=\"11470\" data-end=\"11473\" \/>Si el Usuario considera que existe un problema o una infracci\u00f3n de la legislaci\u00f3n vigente en el tratamiento de sus datos personales, tendr\u00e1 derecho a la tutela judicial efectiva y a presentar una reclamaci\u00f3n ante una autoridad de control, en particular en el Estado donde tenga su residencia habitual, lugar de trabajo o lugar de la supuesta infracci\u00f3n. En el caso de Espa\u00f1a, la autoridad de control es la Agencia Espa\u00f1ola de Protecci\u00f3n de Datos.<a class=\"decorated-link\" href=\"http:\/\/www.aepd.es\/\" target=\"_new\" rel=\"noopener\" data-start=\"11926\" data-end=\"11944\">http:\/\/www.aepd.es<\/a>).<\/p>\n<p data-start=\"11948\" data-end=\"12335\">El Usuario debe haber le\u00eddo y estar de acuerdo con las condiciones sobre protecci\u00f3n de datos personales contenidas en esta Pol\u00edtica de Privacidad y Cookies, y aceptar el tratamiento de sus datos personales para que el Responsable del Tratamiento pueda proceder a dicho tratamiento en la forma, plazos y finalidades indicados. El uso del Sitio Web implica la aceptaci\u00f3n de esta Pol\u00edtica de Privacidad y Cookies.<\/p>\n<p data-start=\"12337\" data-end=\"12655\"><a class=\"decorated-link\" href=\"https:\/\/esentyaestate.com\/spa\" target=\"_new\" rel=\"noopener\" data-start=\"12337\" data-end=\"12363\">https:\/\/esentyaestate.com\/<\/a> Se reserva el derecho a modificar su Pol\u00edtica de Privacidad y Cookies seg\u00fan su propio criterio o debido a un cambio legislativo, jurisprudencial o doctrinal de la Agencia Espa\u00f1ola de Protecci\u00f3n de Datos. Cualquier cambio o actualizaci\u00f3n de esta Pol\u00edtica de Privacidad y Cookies se notificar\u00e1 expl\u00edcitamente al Usuario.<\/p>\n<p data-start=\"12657\" data-end=\"12942\">Esta Pol\u00edtica de Privacidad y Cookies ha sido actualizada el 12 de mayo de 2025 para adaptarse al Reglamento (UE) 2016\/679 del Parlamento Europeo y del Consejo, de 27 de abril de 2016, relativo a la protecci\u00f3n de las personas f\u00edsicas en lo que respecta al tratamiento de datos personales y a la libre circulaci\u00f3n de estos datos (RGPD).<\/p>","protected":false},"excerpt":{"rendered":"<p>In compliance with the provisions of current legislation, https:\/\/esentyaestate.com\/ (hereinafter also the Website) undertakes to adopt the necessary technical and organisational measures, according to the appropriate level of security to the risk of the data collected. Laws incorporated into this privacy policyThis privacy policy is adapted to current Spanish and European regulations on the protection of personal data on the internet. Specifically, it complies &#8230;<\/p>","protected":false},"author":1,"featured_media":0,"parent":0,"menu_order":0,"comment_status":"closed","ping_status":"closed","template":"","meta":{"inline_featured_image":false,"footnotes":""},"class_list":["post-18153","page","type-page","status-publish","hentry"],"_links":{"self":[{"href":"https:\/\/esentyaestate.com\/spa\/wp-json\/wp\/v2\/pages\/18153","targetHints":{"allow":["GET"]}}],"collection":[{"href":"https:\/\/esentyaestate.com\/spa\/wp-json\/wp\/v2\/pages"}],"about":[{"href":"https:\/\/esentyaestate.com\/spa\/wp-json\/wp\/v2\/types\/page"}],"author":[{"embeddable":true,"href":"https:\/\/esentyaestate.com\/spa\/wp-json\/wp\/v2\/users\/1"}],"replies":[{"embeddable":true,"href":"https:\/\/esentyaestate.com\/spa\/wp-json\/wp\/v2\/comments?post=18153"}],"version-history":[{"count":0,"href":"https:\/\/esentyaestate.com\/spa\/wp-json\/wp\/v2\/pages\/18153\/revisions"}],"wp:attachment":[{"href":"https:\/\/esentyaestate.com\/spa\/wp-json\/wp\/v2\/media?parent=18153"}],"curies":[{"name":"wp","href":"https:\/\/api.w.org\/{rel}","templated":true}]}}