{"id":48426,"date":"2025-12-19T08:50:55","date_gmt":"2025-12-19T08:50:55","guid":{"rendered":"https:\/\/esentyaestate.com\/estate_property\/villa-en-san-javier-ee4947\/"},"modified":"2026-03-21T07:31:46","modified_gmt":"2026-03-21T07:31:46","slug":"villa-en-san-javier-ee4947","status":"publish","type":"estate_property","link":"https:\/\/esentyaestate.com\/sv\/estate_property\/villa-en-san-javier-ee4947\/","title":{"rendered":"Villa in San Javier &#8211; EE4947"},"content":{"rendered":"<p>NYBYGGNATION AV VILLOR I SAN JAVIER<\/p>\n<p>Nybyggnadsprojekt av frist\u00e5ende villor i San Javier.<\/p>\n<p>Nybyggda villor \u00e4r f\u00f6rdelade p\u00e5 tv\u00e5 v\u00e5ningar plus den rymliga takterrassen med vacker utsikt \u00f6ver omgivningen.<\/p>\n<p>P\u00e5 bottenv\u00e5ningen finns ett ljust vardagsrum med k\u00f6k i \u00f6ppen planl\u00f6sning och tillg\u00e5ng till terrassen, ett dubbelrum med inbyggd garderob och ett badrum.<br \/>\nP\u00e5 f\u00f6rsta v\u00e5ningen finns 2 rymliga sovrum, ett med inbyggd garderob och det andra med omkl\u00e4dningsrum och badrum en suite. <br \/>\nPrivat tr\u00e4dg\u00e5rd med pool och parkeringsplats.<\/p>\n<p>San Javier ligger n\u00e4ra alla bekv\u00e4mligheter med enkel tillg\u00e5ng till stranden, vattensporter, aff\u00e4rer och transportn\u00e4tet.<\/p>\n<p>H\u00e4r kan du njuta av alla faciliteter som San Javier har att erbjuda, till exempel de lokala butikerna, barerna och restaurangerna, liksom att vara n\u00e4ra k\u00f6pcentra, flygplatsen i Murcia och alla de vackra platserna som finns l\u00e4ngs Mar Menor.<\/p>\n<p>Corvera\/Murcia flygplats ligger 30 minuter bort och Alicante flygplats ligger 45 minuter bort.<\/p>\n","protected":false},"excerpt":{"rendered":"<p>NYBYGGNATION AV VILLOR I SAN JAVIER Nybyggnadsprojekt av frist\u00e5ende villor i San Javier. Nybyggda villor \u00e4r f\u00f6rdelade p\u00e5 tv\u00e5 v\u00e5ningar plus den rymliga takterrassen med vacker utsikt \u00f6ver omgivningen. P\u00e5 bottenv\u00e5ningen finns ett ljust vardagsrum med k\u00f6k i \u00f6ppen planl\u00f6sning och tillg\u00e5ng till terrassen, ett dubbelrum med inbyggd garderob och ett badrum. P\u00e5 f\u00f6rsta v\u00e5ningen finns 2 rymliga sovrum, ett med inbyggd garderob och &#8230;<\/p>\n","protected":false},"featured_media":162291,"comment_status":"open","ping_status":"closed","template":"","property_category":[394],"property_action_category":[37],"property_city":[499],"property_area":[],"property_county_state":[432],"property_features":[670,99,669,102,100,52,105,101,92],"property_status":[286],"class_list":["post-48426","estate_property","type-estate_property","status-publish","has-post-thumbnail","hentry","property_category-villa","property_action_category-for-sale","property_city-san-javier","property_county_state-costa-calida","property_features-air-conditioning-pre-installed","property_features-garage","property_features-garden","property_features-new-build","property_features-parking","property_features-pool","property_features-private","property_features-solarium","property_features-terrace","property_status-new-build"],"_links":{"self":[{"href":"https:\/\/esentyaestate.com\/sv\/wp-json\/wp\/v2\/estate_property\/48426","targetHints":{"allow":["GET"]}}],"collection":[{"href":"https:\/\/esentyaestate.com\/sv\/wp-json\/wp\/v2\/estate_property"}],"about":[{"href":"https:\/\/esentyaestate.com\/sv\/wp-json\/wp\/v2\/types\/estate_property"}],"replies":[{"embeddable":true,"href":"https:\/\/esentyaestate.com\/sv\/wp-json\/wp\/v2\/comments?post=48426"}],"wp:featuredmedia":[{"embeddable":true,"href":"https:\/\/esentyaestate.com\/sv\/wp-json\/wp\/v2\/media\/162291"}],"wp:attachment":[{"href":"https:\/\/esentyaestate.com\/sv\/wp-json\/wp\/v2\/media?parent=48426"}],"wp:term":[{"taxonomy":"property_category","embeddable":true,"href":"https:\/\/esentyaestate.com\/sv\/wp-json\/wp\/v2\/property_category?post=48426"},{"taxonomy":"property_action_category","embeddable":true,"href":"https:\/\/esentyaestate.com\/sv\/wp-json\/wp\/v2\/property_action_category?post=48426"},{"taxonomy":"property_city","embeddable":true,"href":"https:\/\/esentyaestate.com\/sv\/wp-json\/wp\/v2\/property_city?post=48426"},{"taxonomy":"property_area","embeddable":true,"href":"https:\/\/esentyaestate.com\/sv\/wp-json\/wp\/v2\/property_area?post=48426"},{"taxonomy":"property_county_state","embeddable":true,"href":"https:\/\/esentyaestate.com\/sv\/wp-json\/wp\/v2\/property_county_state?post=48426"},{"taxonomy":"property_features","embeddable":true,"href":"https:\/\/esentyaestate.com\/sv\/wp-json\/wp\/v2\/property_features?post=48426"},{"taxonomy":"property_status","embeddable":true,"href":"https:\/\/esentyaestate.com\/sv\/wp-json\/wp\/v2\/property_status?post=48426"}],"curies":[{"name":"wp","href":"https:\/\/api.w.org\/{rel}","templated":true}]}}

<p>NYBYGGNATION AV VILLOR I SAN JAVIER</p>
<p>Nybyggnadsprojekt av fristående villor i San Javier.</p>
<p>Nybyggda villor är fördelade på två våningar plus den rymliga takterrassen med vacker utsikt över omgivningen.</p>
<p>På bottenvåningen finns ett ljust vardagsrum med kök i öppen planlösning och tillgång till terrassen, ett dubbelrum med inbyggd garderob och ett badrum.<br />
På första våningen finns 2 rymliga sovrum, ett med inbyggd garderob och det andra med omklädningsrum och badrum en suite. <br />
Privat trädgård med pool och parkeringsplats.</p>
<p>San Javier ligger nära alla bekvämligheter med enkel tillgång till stranden, vattensporter, affärer och transportnätet.</p>
<p>Här kan du njuta av alla faciliteter som San Javier har att erbjuda, till exempel de lokala butikerna, barerna och restaurangerna, liksom att vara nära köpcentra, flygplatsen i Murcia och alla de vackra platserna som finns längs Mar Menor.</p>
<p>Corvera/Murcia flygplats ligger 30 minuter bort och Alicante flygplats ligger 45 minuter bort.</p>

<p>NYBYGGNATION AV VILLOR I SAN JAVIER Nybyggnadsprojekt av fristående villor i San Javier. Nybyggda villor är fördelade på två våningar plus den rymliga takterrassen med vacker utsikt över omgivningen. På bottenvåningen finns ett ljust vardagsrum med kök i öppen planlösning och tillgång till terrassen, ett dubbelrum med inbyggd garderob och ett badrum. På första våningen finns 2 rymliga sovrum, ett med inbyggd garderob och &#8230;</p>
