{"id":51937,"date":"2025-12-19T10:32:22","date_gmt":"2025-12-19T10:32:22","guid":{"rendered":"https:\/\/esentyaestate.com\/estate_property\/villa-en-formentera-del-segura-ee9563\/"},"modified":"2025-12-19T10:32:22","modified_gmt":"2025-12-19T10:32:22","slug":"villa-en-formentera-del-segura-ee9563","status":"publish","type":"estate_property","link":"https:\/\/esentyaestate.com\/sv\/estate_property\/villa-en-formentera-del-segura-ee9563\/","title":{"rendered":"Villa en Formentera del Segura &#8211; EE9563"},"content":{"rendered":"<p>NYBYGGDA H\u00d6RN RADHUS I FORMENTERA DEL SEGURA<\/p>\n<p>Nybyggda unika radhus med en boyta p\u00e5 157 m2, har ett utseende i &#8220;Ibiza-stil&#8221;, med mjuka och varma jordf\u00e4rger som genast k\u00e4nns som en oas av frid.<\/p>\n<p>Radhusen har 3 sovrum och 2 badrum, \u00f6ppet k\u00f6k med vardagsrum, pool p\u00e5 18 meter byggd mellan terrass och parkeringsplats, privat solarium med utsikt \u00f6ver det vackra landskapet och dalen i Formentera Del Segura.<\/p>\n<p>Vardagsrummet och k\u00f6ksdelen \u00e4r gjorda av glas, vilket garanterar att maximal m\u00e4ngd ljus kommer in i huset.<\/p>\n<p>Popul\u00e4ra byn Formentera Del Segura juts en kort bilresa fr\u00e5n byarna Benijofar och Rojales, och bara 10 minuters bilresa till de gyllene sandstr\u00e4nderna i Guardamar Del Segura.<\/p>\n<p>Denna traditionella spanska stad inom bekv\u00e4mt g\u00e5ngavst\u00e5nd till alla dess bekv\u00e4mligheter, med allt du kan beh\u00f6va.<\/p>\n<p>Komplexet ligger 30 minuter fr\u00e5n Alicantes flygplats och 1 timme fr\u00e5n Murcia &#8211; Corveras flygplats.<\/p>\n","protected":false},"excerpt":{"rendered":"<p>NYBYGGDA H\u00d6RN RADHUS I FORMENTERA DEL SEGURA Nybyggda unika radhus med en boyta p\u00e5 157 m2, har ett utseende i &#8220;Ibiza-stil&#8221;, med mjuka och varma jordf\u00e4rger som genast k\u00e4nns som en oas av frid. Radhusen har 3 sovrum och 2 badrum, \u00f6ppet k\u00f6k med vardagsrum, pool p\u00e5 18 meter byggd mellan terrass och parkeringsplats, privat solarium med utsikt \u00f6ver det vackra landskapet och dalen &#8230;<\/p>\n","protected":false},"featured_media":51938,"comment_status":"open","ping_status":"closed","template":"","property_category":[394],"property_action_category":[37],"property_city":[583],"property_area":[],"property_county_state":[384],"property_features":[93,99,103,102,100,52,105,101,92],"property_status":[286],"class_list":["post-51937","estate_property","type-estate_property","status-publish","has-post-thumbnail","hentry","property_category-villa","property_action_category-for-sale","property_city-formentera-del-segura","property_county_state-costa-blanca-sur","property_features-aire-acondicionado","property_features-garage","property_features-jardin","property_features-new-build","property_features-parking","property_features-pool","property_features-private","property_features-solarium","property_features-terrace","property_status-new-build"],"_links":{"self":[{"href":"https:\/\/esentyaestate.com\/sv\/wp-json\/wp\/v2\/estate_property\/51937","targetHints":{"allow":["GET"]}}],"collection":[{"href":"https:\/\/esentyaestate.com\/sv\/wp-json\/wp\/v2\/estate_property"}],"about":[{"href":"https:\/\/esentyaestate.com\/sv\/wp-json\/wp\/v2\/types\/estate_property"}],"replies":[{"embeddable":true,"href":"https:\/\/esentyaestate.com\/sv\/wp-json\/wp\/v2\/comments?post=51937"}],"wp:featuredmedia":[{"embeddable":true,"href":"https:\/\/esentyaestate.com\/sv\/wp-json\/wp\/v2\/media\/51938"}],"wp:attachment":[{"href":"https:\/\/esentyaestate.com\/sv\/wp-json\/wp\/v2\/media?parent=51937"}],"wp:term":[{"taxonomy":"property_category","embeddable":true,"href":"https:\/\/esentyaestate.com\/sv\/wp-json\/wp\/v2\/property_category?post=51937"},{"taxonomy":"property_action_category","embeddable":true,"href":"https:\/\/esentyaestate.com\/sv\/wp-json\/wp\/v2\/property_action_category?post=51937"},{"taxonomy":"property_city","embeddable":true,"href":"https:\/\/esentyaestate.com\/sv\/wp-json\/wp\/v2\/property_city?post=51937"},{"taxonomy":"property_area","embeddable":true,"href":"https:\/\/esentyaestate.com\/sv\/wp-json\/wp\/v2\/property_area?post=51937"},{"taxonomy":"property_county_state","embeddable":true,"href":"https:\/\/esentyaestate.com\/sv\/wp-json\/wp\/v2\/property_county_state?post=51937"},{"taxonomy":"property_features","embeddable":true,"href":"https:\/\/esentyaestate.com\/sv\/wp-json\/wp\/v2\/property_features?post=51937"},{"taxonomy":"property_status","embeddable":true,"href":"https:\/\/esentyaestate.com\/sv\/wp-json\/wp\/v2\/property_status?post=51937"}],"curies":[{"name":"wp","href":"https:\/\/api.w.org\/{rel}","templated":true}]}}

<p>NYBYGGDA HÖRN RADHUS I FORMENTERA DEL SEGURA</p>
<p>Nybyggda unika radhus med en boyta på 157 m2, har ett utseende i &#8220;Ibiza-stil&#8221;, med mjuka och varma jordfärger som genast känns som en oas av frid.</p>
<p>Radhusen har 3 sovrum och 2 badrum, öppet kök med vardagsrum, pool på 18 meter byggd mellan terrass och parkeringsplats, privat solarium med utsikt över det vackra landskapet och dalen i Formentera Del Segura.</p>
<p>Vardagsrummet och köksdelen är gjorda av glas, vilket garanterar att maximal mängd ljus kommer in i huset.</p>
<p>Populära byn Formentera Del Segura juts en kort bilresa från byarna Benijofar och Rojales, och bara 10 minuters bilresa till de gyllene sandstränderna i Guardamar Del Segura.</p>
<p>Denna traditionella spanska stad inom bekvämt gångavstånd till alla dess bekvämligheter, med allt du kan behöva.</p>
<p>Komplexet ligger 30 minuter från Alicantes flygplats och 1 timme från Murcia &#8211; Corveras flygplats.</p>

<p>NYBYGGDA HÖRN RADHUS I FORMENTERA DEL SEGURA Nybyggda unika radhus med en boyta på 157 m2, har ett utseende i &#8220;Ibiza-stil&#8221;, med mjuka och varma jordfärger som genast känns som en oas av frid. Radhusen har 3 sovrum och 2 badrum, öppet kök med vardagsrum, pool på 18 meter byggd mellan terrass och parkeringsplats, privat solarium med utsikt över det vackra landskapet och dalen &#8230;</p>
